{"id":221,"date":"2017-08-25T19:12:47","date_gmt":"2017-08-25T19:12:47","guid":{"rendered":"http:\/\/nowadays.home.pl\/autoinstalator\/wordpress3\/?page_id=221"},"modified":"2017-08-26T18:52:49","modified_gmt":"2017-08-26T18:52:49","slug":"konferencje","status":"publish","type":"page","link":"http:\/\/www.federacjautw.com.pl\/?page_id=221","title":{"rendered":"Konferencje"},"content":{"rendered":"<p style=\"text-align: center;\"><em>ZSzanowni Pa\u0144stwo, drodzy Seniorzy,<\/em><\/p>\n<p>Mamy przyjemno\u015b\u0107\u00a0<strong>zaprosi\u0107 do uczestnictwa w Dniu Promocji Zdrowia w Dzia\u0142aniu,\u00a0<\/strong>kt\u00f3ry odb\u0119dzie si\u0119 27.09.2017 r. (\u015broda) na Uniwersytecie Medycznym we Wroc\u0142awiu.<\/p>\n<p>Podczas seminarium Uczestnicy b\u0119d\u0105 mieli okazj\u0119 wys\u0142ucha\u0107\u00a0<strong>wyst\u0105pie\u0144 przedstawicieli organizacji pozarz\u0105dowych<\/strong>\u00a0na temat wzorcowych kampanii i program\u00f3w prozdrowotnych.<\/p>\n<p>Ponadto, przygotowali\u015bmy dla Pa\u0144stwa\u00a0<strong>warsztaty<\/strong>\u00a0po\u015bwi\u0119cone zdrowej diecie, aktywno\u015bci fizycznej, a tak\u017ce temu, jak skutecznie tworzy\u0107 i wdra\u017ca\u0107 akcje prozdrowotne w swoich spo\u0142eczno\u015bciach.<\/p>\n<p>Dodatkowo, b\u0119dzie na Pa\u0144stwa czeka\u0142\u00a0<strong>pocz\u0119stunek w przerwie, a tak\u017ce atrakcje<\/strong>\u00a0przygotowane przez takie organizacje, jak Milejowe Pole, Dieta Pacjenta oraz Fundacja Kreatywnie dla Zdrowia.<\/p>\n<p>Ka\u017cdy z Uczestnik\u00f3w otrzyma\u00a0<strong>materia\u0142y edukacyjne<\/strong>.<\/p>\n<p><strong>Udzia\u0142 w wydarzeniu jest bezp\u0142atny<\/strong>.<\/p>\n<p>Lista miejsc jest ograniczona, decyduje kolejno\u015b\u0107 zg\u0142osze\u0144, dlatego prosimy o<strong>\u00a0zapisywanie si\u0119<\/strong>\u00a0<strong>na wydarzenie oraz na konkretny warsztat poprzez formularz rejestracyjny zamieszczony na stronie:\u00a0<\/strong><a href=\"http:\/\/www.kreatywniedlazdrowia.pl\/IIIKKNSwarsztaty.htm\" data-saferedirecturl=\"https:\/\/www.google.com\/url?hl=pl&amp;q=http:\/\/www.kreatywniedlazdrowia.pl\/IIIKKNSwarsztaty.htm&amp;source=gmail&amp;ust=1503858811917000&amp;usg=AFQjCNEjtlHXwpZVbQP2VI85xhiJmv1c4Q\">www.kreatywniedlazdrowia.pl\/IIIKKNSwarsztaty.htm<\/a><strong>\u00a0<\/strong><\/p>\n<p><strong>lub wys\u0142anie swojego zg\u0142oszenia na adres e-mail<\/strong>:\u00a0kreatywniedlazdrowia@gmail.com<\/p>\n<p>Podajemy r\u00f3wnie\u017c\u00a0<strong>telefon kontaktowy<\/strong>: Micha\u0142 J\u0119drzejek 691 399 392<\/p>\n<p>Uczestnik mo\u017ce wzi\u0105\u0107 udzia\u0142 tylko w jednym warsztacie, poniewa\u017c b\u0119d\u0105 si\u0119 one odbywa\u0107 r\u00f3wnolegle.<\/p>\n<p><strong>Program ramowy Dnia Promocji Zdrowia w Dzia\u0142aniu oraz oferta warsztat\u00f3w &#8211; w za\u0142\u0105cznikach.\u00a0<\/strong><\/p>\n<p><strong>Organizator:<\/strong>\u00a0Fundacja Kreatywnie dla Zdrowia<\/p>\n<p><strong>Termin:<\/strong>\u00a027.09.2017 r.<\/p>\n<p><strong>Miejsce:<\/strong>\u00a0Centrum Naukowej Informacji Medycznej Uniwersytetu Medycznego we Wroc\u0142awiu, ul. Marcinkowskiego 2-6, Wroc\u0142aw.<\/p>\n<p><strong>Informacje o wydarzeniu oraz zapisy na warsztaty<\/strong>:\u00a0<a href=\"http:\/\/www.kreatywniedlazdrowia.pl\/IIIKKNSwarsztaty.htm\" data-saferedirecturl=\"https:\/\/www.google.com\/url?hl=pl&amp;q=http:\/\/www.kreatywniedlazdrowia.pl\/IIIKKNSwarsztaty.htm&amp;source=gmail&amp;ust=1503858811917000&amp;usg=AFQjCNEjtlHXwpZVbQP2VI85xhiJmv1c4Q\">kreatywniedlazdrowia.pl\/IIIKKNSwarsztaty.htm<\/a><strong>\u00a0<\/strong><\/p>\n<p><strong>Kontakt:<\/strong>\u00a0kreatywniedlazdrowia@gmail.com<\/p>\n<p>&nbsp;<\/p>\n<hr \/>\n<p><img decoding=\"async\" loading=\"lazy\" class=\"size-medium wp-image-331 aligncenter\" src=\"http:\/\/www.federacjautw.com.pl\/wp-content\/uploads\/2017\/05\/logo3_158163_20170515114030-300x157.jpg\" alt=\"\" width=\"300\" height=\"157\" srcset=\"http:\/\/www.federacjautw.com.pl\/wp-content\/uploads\/2017\/05\/logo3_158163_20170515114030-300x157.jpg 300w, http:\/\/www.federacjautw.com.pl\/wp-content\/uploads\/2017\/05\/logo3_158163_20170515114030-768x402.jpg 768w, http:\/\/www.federacjautw.com.pl\/wp-content\/uploads\/2017\/05\/logo3_158163_20170515114030.jpg 770w\" sizes=\"(max-width: 300px) 100vw, 300px\" \/>Zapisy i informacje\u00a0<a href=\"https:\/\/evenea.pl\/imprezy\/konferencje\/wroclaw\/ii-dni-gerontologii-wroclaw-17-18102017-158163\/\">https:\/\/evenea.pl\/imprezy\/konferencje\/wroclaw\/ii-dni-gerontologii-wroclaw-17-18102017-158163\/<\/a><\/p>\n<p>Komunikat i bli\u017csze informacje &#8230;.<a href=\"http:\/\/www.federacjautw.com.pl\/wp-content\/uploads\/2017\/05\/komunikat.pdf\">komunikat<\/a><\/p>\n<hr \/>\n<p>&nbsp;<\/p>\n<hr \/>\n<p><b><span style=\"color: #333333; font-family: helvetica;\">II Og\u00f3lnopolska Konferencja Naukowa pt. \u201eWsp\u00f3\u0142czesne wyzwania gerontologii \u2013 podej\u015bcie holistyczne\u201d &#8211; Krzy\u017cowa, 24 maja 2017 r.<\/span><\/b><\/p>\n<p><b><span style=\"color: #333333; font-family: helvetica;\"><a href=\"http:\/\/www.konferencja.wyzwania.gerontologia.san.edu.pl\/\">http:\/\/www.konferencja.wyzwania.gerontologia.san.edu.pl\/<\/a><\/span><\/b><\/p>\n<hr \/>\n<p><span lang=\"PL\" style=\"margin: 0px; color: black; font-family: 'Tahoma','sans-serif'; font-size: 10.5pt;\"><span style=\"color: #000000; font-family: Times New Roman;\"><img decoding=\"async\" loading=\"lazy\" class=\"alignnone size-medium wp-image-166\" src=\"http:\/\/nowadays.home.pl\/autoinstalator\/wordpress3\/wp-content\/uploads\/2017\/04\/logodni-300x221.png\" alt=\"\" width=\"300\" height=\"221\" srcset=\"http:\/\/www.federacjautw.com.pl\/wp-content\/uploads\/2017\/04\/logodni-300x221.png 300w, http:\/\/www.federacjautw.com.pl\/wp-content\/uploads\/2017\/04\/logodni-768x566.png 768w, http:\/\/www.federacjautw.com.pl\/wp-content\/uploads\/2017\/04\/logodni-1024x754.png 1024w, http:\/\/www.federacjautw.com.pl\/wp-content\/uploads\/2017\/04\/logodni-960x707.png 960w, http:\/\/www.federacjautw.com.pl\/wp-content\/uploads\/2017\/04\/logodni.png 1724w\" sizes=\"(max-width: 300px) 100vw, 300px\" \/><br \/>\n<\/span>\u00a0<\/span><\/p>\n<p><span lang=\"PL\" style=\"margin: 0px; color: black; font-family: 'Tahoma','sans-serif'; font-size: 10.5pt;\">Dni Gerontologii to konferencja naukowa i prezentacja dobrych praktyk edukacyjnych senior\u00f3w, kt\u00f3ra odb\u0119dzie si\u0119 w dn. 21-22.09.2015 r. w siedzibie Federacji UTW we Wroc\u0142awiu. Trudu wsp\u00f3\u0142organizacji podj\u0119\u0142o\u00a0 si\u0119 r\u00f3wnie\u017c\u00a0<\/span><span style=\"margin: 0px; color: black; font-family: 'Tahoma','sans-serif'; font-size: 10.5pt;\"><a href=\"http:\/\/www.seniorzy.wroclaw.pl\/\"><span lang=\"PL\">Wroc\u0142awskie Centrum Seniora<\/span><\/a><\/span><span lang=\"PL\" style=\"margin: 0px; color: black; font-family: 'Tahoma','sans-serif'; font-size: 10.5pt;\">\u00a0<\/span><span lang=\"PL\" style=\"margin: 0px; color: black; font-family: 'Tahoma','sans-serif'; font-size: 10.5pt;\">przy wsparciu naukowym Porozumiena Pe\u0142nomocnik\u00f3w Rektor\u00f3w wroc\u0142awskich szk\u00f3\u0142 wy\u017cszych organizuj\u0105cych uniwersytety trzeciego wieku.<\/span><\/p>\n<p><span lang=\"PL\" style=\"margin: 0px; color: black; font-family: 'Tahoma','sans-serif'; font-size: 10.5pt;\">Bezpo\u015brednio ze strony mo\u017cna pobra\u0107:<\/span><\/p>\n<p><span lang=\"PL\" style=\"margin: 0px; color: black; font-family: 'Tahoma','sans-serif'; font-size: 10.5pt;\">&#8211;<\/span><span style=\"margin: 0px; color: black; font-family: 'Tahoma','sans-serif'; font-size: 10.5pt;\"><a href=\"http:\/\/nowadays.home.pl\/federacja\/data\/documents\/Dni=20Gerontologii=20komunikat=20II=2024.08MK.doc\"><span lang=\"PL\">pe\u0142ny\u00a0komunikat<\/span><\/a><\/span><span lang=\"PL\" style=\"margin: 0px; color: black; font-family: 'Tahoma','sans-serif'; font-size: 10.5pt;\">,<\/span><\/p>\n<p><span lang=\"PL\" style=\"margin: 0px; color: black; font-family: 'Tahoma','sans-serif'; font-size: 10.5pt;\">-program\u00a0ramowy\u00a0konferencji\u00a0\u00a0\u00a0\u00a0<\/span><span style=\"margin: 0px; color: black; font-family: 'Tahoma','sans-serif'; font-size: 10.5pt;\"><a href=\"http:\/\/nowadays.home.pl\/federacja\/data\/documents\/ramowy=20program=20=2031.07.doc\"><span lang=\"PL\">plik do pobrania<\/span><\/a><\/span><\/p>\n<p><span lang=\"PL\" style=\"margin: 0px; color: black; font-family: 'Tahoma','sans-serif'; font-size: 10.5pt;\">-program szczeg\u00f3\u0142owy konferencji\u00a0\u00a0<\/span><span style=\"margin: 0px; color: black; font-family: 'Tahoma','sans-serif'; font-size: 10.5pt;\"><a href=\"http:\/\/nowadays.home.pl\/federacja\/data\/documents\/pr=20szcz=204.08.doc\"><span lang=\"PL\">plik do pobrania<\/span><\/a><\/span><\/p>\n<p><span style=\"margin: 0px; color: black; font-family: 'Tahoma','sans-serif'; font-size: 10.5pt;\"><a href=\"http:\/\/nowadays.home.pl\/federacja\/data\/documents\/DG=20-=20Formularz=20zg=C5=82oszeniowy=2001.07TZ.doc\"><span lang=\"PL\">&#8211;<\/span><\/a><\/span><span lang=\"PL\" style=\"margin: 0px; color: black; font-family: 'Tahoma','sans-serif'; font-size: 10.5pt;\">formularz\u00a0zg\u0142oszeniowy\u00a0dla os\u00f3b indywidualnych\u00a0\u00a0<\/span><span style=\"margin: 0px; color: black; font-family: 'Tahoma','sans-serif'; font-size: 10.5pt;\"><a href=\"http:\/\/nowadays.home.pl\/federacja\/data\/documents\/zg=C5=82oszenie=20indyw=2031.07.doc\"><span lang=\"PL\">plik do pobrania<\/span><\/a><\/span><\/p>\n<p><span lang=\"PL\" style=\"margin: 0px; color: black; font-family: 'Tahoma','sans-serif'; font-size: 10.5pt;\">-formularz zg\u0142oszeniowy dla utw\u00a0\u00a0<\/span><span style=\"margin: 0px; color: black; font-family: 'Tahoma','sans-serif'; font-size: 10.5pt;\"><a href=\"http:\/\/nowadays.home.pl\/federacja\/data\/documents\/zg=C5=82szeniasutw=2031.07.doc\"><span lang=\"PL\">plik do pobrania<\/span><\/a><\/span><\/p>\n<p><span lang=\"PL\" style=\"margin: 0px; color: black; font-family: 'Tahoma','sans-serif'; font-size: 10.5pt;\">&#8211;<\/span><span style=\"margin: 0px; color: black; font-family: 'Tahoma','sans-serif'; font-size: 10.5pt;\"><a href=\"http:\/\/nowadays.home.pl\/federacja\/data\/documents\/KONFERENCJA_GERONTOLOGICZNA_plakat_ostateczny.jpg\"><span lang=\"PL\">plakat<\/span><\/a><\/span><\/p>\n<p><span lang=\"PL\" style=\"margin: 0px; color: black; font-family: 'Tahoma','sans-serif'; font-size: 10.5pt;\">\u00a0\u00a0\u00a0\u00a0<\/span><span lang=\"PL\" style=\"margin: 0px; color: black; font-family: 'Tahoma','sans-serif'; font-size: 10.5pt;\">Wizyty w plac\u00f3wkach senioralnych w dn 22.09.2015\u00a0<\/span><\/p>\n<p align=\"center\"><span style=\"margin: 0px; color: black; font-family: 'Tahoma','sans-serif'; font-size: 10.5pt;\"><a href=\"http:\/\/nowadays.home.pl\/federacja\/data\/documents\/wizyty=20w=20plac=C3=B3wkach=20-1.pdf\"><span lang=\"PL\">plik do pobrania<\/span><\/a><\/span><\/p>\n<p align=\"center\"><span style=\"color: #000000; font-family: Calibri;\">\u00a0<\/span><\/p>\n","protected":false},"excerpt":{"rendered":"<p>ZSzanowni Pa\u0144stwo, drodzy Seniorzy, Mamy przyjemno\u015b\u0107\u00a0zaprosi\u0107 do uczestnictwa w Dniu Promocji Zdrowia w Dzia\u0142aniu,\u00a0kt\u00f3ry odb\u0119dzie si\u0119 27.09.2017 r. (\u015broda) na Uniwersytecie Medycznym we Wroc\u0142awiu. Podczas seminarium Uczestnicy b\u0119d\u0105 mieli okazj\u0119 wys\u0142ucha\u0107\u00a0wyst\u0105pie\u0144 przedstawicieli organizacji pozarz\u0105dowych\u00a0na temat wzorcowych kampanii i program\u00f3w prozdrowotnych. Ponadto, przygotowali\u015bmy dla Pa\u0144stwa\u00a0warsztaty\u00a0po\u015bwi\u0119cone zdrowej diecie, aktywno\u015bci fizycznej, a tak\u017ce temu, jak skutecznie tworzy\u0107 i &hellip; <a href=\"http:\/\/www.federacjautw.com.pl\/?page_id=221\" class=\"more-link\">Czytaj dalej <span class=\"screen-reader-text\">Konferencje<\/span><\/a><\/p>\n","protected":false},"author":1,"featured_media":0,"parent":80,"menu_order":0,"comment_status":"closed","ping_status":"closed","template":"","meta":[],"_links":{"self":[{"href":"http:\/\/www.federacjautw.com.pl\/index.php?rest_route=\/wp\/v2\/pages\/221"}],"collection":[{"href":"http:\/\/www.federacjautw.com.pl\/index.php?rest_route=\/wp\/v2\/pages"}],"about":[{"href":"http:\/\/www.federacjautw.com.pl\/index.php?rest_route=\/wp\/v2\/types\/page"}],"author":[{"embeddable":true,"href":"http:\/\/www.federacjautw.com.pl\/index.php?rest_route=\/wp\/v2\/users\/1"}],"replies":[{"embeddable":true,"href":"http:\/\/www.federacjautw.com.pl\/index.php?rest_route=%2Fwp%2Fv2%2Fcomments&post=221"}],"version-history":[{"count":6,"href":"http:\/\/www.federacjautw.com.pl\/index.php?rest_route=\/wp\/v2\/pages\/221\/revisions"}],"predecessor-version":[{"id":365,"href":"http:\/\/www.federacjautw.com.pl\/index.php?rest_route=\/wp\/v2\/pages\/221\/revisions\/365"}],"up":[{"embeddable":true,"href":"http:\/\/www.federacjautw.com.pl\/index.php?rest_route=\/wp\/v2\/pages\/80"}],"wp:attachment":[{"href":"http:\/\/www.federacjautw.com.pl\/index.php?rest_route=%2Fwp%2Fv2%2Fmedia&parent=221"}],"curies":[{"name":"wp","href":"https:\/\/api.w.org\/{rel}","templated":true}]}}